{"id":3723,"date":"2025-10-10T07:37:30","date_gmt":"2025-10-10T05:37:30","guid":{"rendered":"https:\/\/monnaiesaude.fr\/?post_type=al_product&#038;p=3723"},"modified":"2025-10-19T10:45:44","modified_gmt":"2025-10-19T08:45:44","slug":"medaille-de-jean-guehenno","status":"publish","type":"al_product","link":"https:\/\/monnaiesaude.fr\/index.php\/produits\/medaille-de-jean-guehenno\/","title":{"rendered":"M\u00e9daille  de Jean Gu\u00e9henno"},"content":{"rendered":"\n<h2 class=\"wp-block-heading\">Bronze &#8211; 67 mm &#8211; sign\u00e9e A. Landry<\/h2>\n\n\n\n<div class=\"wp-block-columns is-layout-flex wp-container-core-columns-is-layout-9d6595d7 wp-block-columns-is-layout-flex\">\n<div class=\"wp-block-column is-layout-flow wp-block-column-is-layout-flow\"><div class=\"wp-block-image\">\n<figure class=\"aligncenter size-full is-resized\"><img loading=\"lazy\" decoding=\"async\" width=\"218\" height=\"221\" src=\"https:\/\/monnaiesaude.fr\/wp-content\/uploads\/2025\/10\/image-1577.png\" alt=\"\" class=\"wp-image-3725\" style=\"width:323px;height:auto\" srcset=\"https:\/\/monnaiesaude.fr\/wp-content\/uploads\/2025\/10\/image-1577.png 218w, https:\/\/monnaiesaude.fr\/wp-content\/uploads\/2025\/10\/image-1577-158x160.png 158w\" sizes=\"auto, (max-width: 218px) 100vw, 218px\" \/><\/figure>\n<\/div><\/div>\n<\/div>\n\n\n\n<p><strong>Jean Guehenno<\/strong>, selon l&#8217;\u00e9tat civil Marcel-Jules-Marie Gu\u00e9henno, n\u00e9 le 25 mars 1890 \u00e0 Foug\u00e8res ( Ille et Vilaine) est un \u00e9crivain et critique litt\u00e9raire fran\u00e7ais.   <\/p>\n\n\n\n<p>Fils d\u2019un cordonnier d&#8217;une petite ville industrielle de Bretagne, il abandonne l\u2019\u00e9cole \u00e0 quatorze ans pour s\u2019engager comme employ\u00e9 dans une usine de galoches, mais continue \u00e0 \u00e9tudier seul, apr\u00e8s ses journ\u00e9es de travail. Il r\u00e9ussit \u00e0 obtenir le baccalaur\u00e9at.<\/p>\n\n\n\n<p>Mobilis\u00e9 pendant la Premi\u00e8re guerre mondiale comme officier d\u2019infanterie, Jean Gu\u00e9henno r\u00e9ussit ensuite le concours d\u2019entr\u00e9e \u00e0 l\u2019 Ecole normale sup\u00e9rieure.<\/p>\n\n\n\n<p> Re\u00e7u en 1920 \u00e0 l\u2019agr\u00e9gation de Lettres, il est nomm\u00e9 professeur de kh\u00e2gne au Lyc\u00e9e Lakanal , et par la suite aux lyc\u00e9es Henri IV et Louis le Grand. Il ach\u00e8ve sa carri\u00e8re dans l\u2019 Education nationale comme Inspecteur g\u00e9n\u00e9ral. <\/p>\n\n\n\n<p>Jean Gu\u00e9henno se consacre par ailleurs \u00e0 la critique litt\u00e9raire, notamment \u00e0 une \u00e9tude approfondie de l\u2019\u0153uvre de Jean-Jacques Rousseau.<\/p>\n\n\n\n<p>Il arr\u00eate de publier sous l&#8217;Occupation, mis \u00e0 part quelques \u00e9crits clandestins sous le pseudonyme de <em>C\u00e9vennes<\/em>. Il collabore au <a href=\"https:\/\/fr.wikipedia.org\/wiki\/Le_Figaro\"><em>Figaro<\/em><\/a> \u00e0 partir de 1945 et \u00e9pouse Annie Gu\u00e9henno en 1946<\/p>\n\n\n\n<p>Une partie de son \u0153uvre est autobiographique&nbsp;: <a href=\"https:\/\/fr.wikipedia.org\/wiki\/Journal_d%27un_homme_de_40_ans\"><em>Journal d&#8217;un homme de 40 ans<\/em><\/a> (1934), <em>Journal des ann\u00e9es noires<\/em>, 1940-1944 (1947), <em>Carnets du vieil \u00e9crivain<\/em> (1971).<\/p>\n\n\n\n<p>En 1944,&nbsp;le gouvernement provisoire de la France le charge d\u2019organiser la Direction de la Culture populaire et des Mouvements de Jeunesse.&nbsp; Cette association r\u00e9fl\u00e9chit \u00e0 la transformation des maisons des jeunes du r\u00e9gime de Vichy en Maison de la Jeunesse et de la Culture (MJC) affili\u00e9es aux mouvements d&#8217;\u00e9ducation populaire . En 1948, suite \u00e0 la fusion de la Direction de la Culture populaire et des Mouvements de Jeunesse avec la Direction de l&#8217;\u00c9ducation Physique et des Activit\u00e9s Sportives, Jean Gu\u00e9henno d\u00e9missionne de son poste.<\/p>\n\n\n\n<p>Jean Gu\u00e9henno fut \u00e9lu \u00e0 l\u2019 Acad\u00e9mie Fran\u00e7aise le 25 janvier 1962, par 15 voix au fauteuil d&#8217;Emile Henriot. Il fut re\u00e7u le 6 d\u00e9cembre 1962. Jean Gu\u00e9henno est mort \u00e0 Paris le 22 septembre 1978.<\/p>\n","protected":false},"excerpt":{"rendered":"<p>Bronze &#8211; 67 mm &#8211; sign\u00e9e A. Landry Jean Guehenno, selon l&#8217;\u00e9tat civil Marcel-Jules-Marie Gu\u00e9henno, n\u00e9 le 25 mars 1890 \u00e0 Foug\u00e8res ( Ille et Vilaine) est un \u00e9crivain et critique litt\u00e9raire fran\u00e7ais. Fils d\u2019un cordonnier d&#8217;une petite ville industrielle &hellip; <a href=\"https:\/\/monnaiesaude.fr\/index.php\/produits\/medaille-de-jean-guehenno\/\">Continue reading <span class=\"meta-nav\">&rarr;<\/span><\/a><\/p>\n","protected":false},"featured_media":3724,"template":"","meta":[],"al_product-cat":[18,63,51],"class_list":["post-3723","al_product","type-al_product","status-publish","has-post-thumbnail","hentry","al_product-cat-medaille","al_product-cat-monnaie-de-paris","al_product-cat-visages-audois"],"_links":{"self":[{"href":"https:\/\/monnaiesaude.fr\/index.php\/wp-json\/wp\/v2\/al_product\/3723","targetHints":{"allow":["GET"]}}],"collection":[{"href":"https:\/\/monnaiesaude.fr\/index.php\/wp-json\/wp\/v2\/al_product"}],"about":[{"href":"https:\/\/monnaiesaude.fr\/index.php\/wp-json\/wp\/v2\/types\/al_product"}],"wp:featuredmedia":[{"embeddable":true,"href":"https:\/\/monnaiesaude.fr\/index.php\/wp-json\/wp\/v2\/media\/3724"}],"wp:attachment":[{"href":"https:\/\/monnaiesaude.fr\/index.php\/wp-json\/wp\/v2\/media?parent=3723"}],"wp:term":[{"taxonomy":"al_product-cat","embeddable":true,"href":"https:\/\/monnaiesaude.fr\/index.php\/wp-json\/wp\/v2\/al_product-cat?post=3723"}],"curies":[{"name":"wp","href":"https:\/\/api.w.org\/{rel}","templated":true}]}}

Médaille  de Jean Guéhenno

<h2 class="wp-block-heading">Bronze &#8211; 67 mm &#8211; signée A. Landry</h2>



<div class="wp-block-columns is-layout-flex wp-container-core-columns-is-layout-9d6595d7 wp-block-columns-is-layout-flex">
<div class="wp-block-column is-layout-flow wp-block-column-is-layout-flow"><div class="wp-block-image">
<figure class="aligncenter size-full is-resized"><img loading="lazy" decoding="async" width="218" height="221" src="https://monnaiesaude.fr/wp-content/uploads/2025/10/image-1577.png" alt="" class="wp-image-3725" style="width:323px;height:auto" srcset="https://monnaiesaude.fr/wp-content/uploads/2025/10/image-1577.png 218w, https://monnaiesaude.fr/wp-content/uploads/2025/10/image-1577-158x160.png 158w" sizes="auto, (max-width: 218px) 100vw, 218px" /></figure>
</div></div>
</div>



<p><strong>Jean Guehenno</strong>, selon l&#8217;état civil Marcel-Jules-Marie Guéhenno, né le 25 mars 1890 à Fougères ( Ille et Vilaine) est un écrivain et critique littéraire français.   </p>



<p>Fils d’un cordonnier d&#8217;une petite ville industrielle de Bretagne, il abandonne l’école à quatorze ans pour s’engager comme employé dans une usine de galoches, mais continue à étudier seul, après ses journées de travail. Il réussit à obtenir le baccalauréat.</p>



<p>Mobilisé pendant la Première guerre mondiale comme officier d’infanterie, Jean Guéhenno réussit ensuite le concours d’entrée à l’ Ecole normale supérieure.</p>



<p> Reçu en 1920 à l’agrégation de Lettres, il est nommé professeur de khâgne au Lycée Lakanal , et par la suite aux lycées Henri IV et Louis le Grand. Il achève sa carrière dans l’ Education nationale comme Inspecteur général. </p>



<p>Jean Guéhenno se consacre par ailleurs à la critique littéraire, notamment à une étude approfondie de l’œuvre de Jean-Jacques Rousseau.</p>



<p>Il arrête de publier sous l&#8217;Occupation, mis à part quelques écrits clandestins sous le pseudonyme de <em>Cévennes</em>. Il collabore au <a href="https://fr.wikipedia.org/wiki/Le_Figaro"><em>Figaro</em></a> à partir de 1945 et épouse Annie Guéhenno en 1946</p>



<p>Une partie de son œuvre est autobiographique&nbsp;: <a href="https://fr.wikipedia.org/wiki/Journal_d%27un_homme_de_40_ans"><em>Journal d&#8217;un homme de 40 ans</em></a> (1934), <em>Journal des années noires</em>, 1940-1944 (1947), <em>Carnets du vieil écrivain</em> (1971).</p>



<p>En 1944,&nbsp;le gouvernement provisoire de la France le charge d’organiser la Direction de la Culture populaire et des Mouvements de Jeunesse.&nbsp; Cette association réfléchit à la transformation des maisons des jeunes du régime de Vichy en Maison de la Jeunesse et de la Culture (MJC) affiliées aux mouvements d&#8217;éducation populaire . En 1948, suite à la fusion de la Direction de la Culture populaire et des Mouvements de Jeunesse avec la Direction de l&#8217;Éducation Physique et des Activités Sportives, Jean Guéhenno démissionne de son poste.</p>



<p>Jean Guéhenno fut élu à l’ Académie Française le 25 janvier 1962, par 15 voix au fauteuil d&#8217;Emile Henriot. Il fut reçu le 6 décembre 1962. Jean Guéhenno est mort à Paris le 22 septembre 1978.</p>

<p>Bronze &#8211; 67 mm &#8211; signée A. Landry Jean Guehenno, selon l&#8217;état civil Marcel-Jules-Marie Guéhenno, né le 25 mars 1890 à Fougères ( Ille et Vilaine) est un écrivain et critique littéraire français. Fils d’un cordonnier d&#8217;une petite ville industrielle &hellip; <a href="https://monnaiesaude.fr/index.php/produits/medaille-de-jean-guehenno/">Continue reading <span class="meta-nav">&rarr;</span></a></p>
