{"id":3148,"date":"2025-10-06T07:52:36","date_gmt":"2025-10-06T05:52:36","guid":{"rendered":"https:\/\/monnaiesaude.fr\/?post_type=al_product&#038;p=3148"},"modified":"2025-11-01T07:49:30","modified_gmt":"2025-11-01T06:49:30","slug":"medaille-federico-garcia-lorca","status":"publish","type":"al_product","link":"https:\/\/monnaiesaude.fr\/index.php\/produits\/medaille-federico-garcia-lorca\/","title":{"rendered":"M\u00e9daille  F\u00e9d\u00e9rico Garcia Lorca"},"content":{"rendered":"\n<h2 class=\"wp-block-heading\">M\u00e9daille en bronze &#8211;  grav\u00e9e par Ren\u00e9 Ich\u00e9<\/h2>\n\n\n\n<p><strong>Federico Garc\u00eda Lorca<\/strong>\u00a0est un po\u00e8te et dramaturge espagnol, \u00e9galement prosateur, pianiste, peintre et compositeur, n\u00e9 le\u00a05 juin 1898\u00a0\u00e0 Fuente vaqueros pr\u00e8s de grenade, et mort le 19 ao\u00fbt 1936.<\/p>\n\n\n\n<p>Membre du courant litt\u00e9raire de la G\u00e9n\u00e9ration de 27, il est assassin\u00e9 le\u00a019 ao\u00fbt 1936\u00a0par les nationalistes\u00a0, membres de la Phalange\u00a0, pendant la guerre d&#8217;Espagne, victime de ce conflit annon\u00e7ant historiquement la Seconde guerre mondiale\u00a0. Sa s\u00e9pulture n&#8217;a pas encore \u00e9t\u00e9 retrouv\u00e9e malgr\u00e9 des recherches scientifiques de grande ampleur.<\/p>\n\n\n\n<p>Federico Garc\u00eda Lorca demeure l&#8217;un des po\u00e8tes et dramaturges europ\u00e9ens les plus importants du&nbsp;XX<sup>e<\/sup>&nbsp;si\u00e8cle.<\/p>\n\n\n\n<div class=\"wp-block-columns is-layout-flex wp-container-core-columns-is-layout-9d6595d7 wp-block-columns-is-layout-flex\">\n<div class=\"wp-block-column is-layout-flow wp-block-column-is-layout-flow\"><\/div>\n\n\n\n<div class=\"wp-block-column is-layout-flow wp-block-column-is-layout-flow\"><\/div>\n<\/div>\n\n\n\n<div class=\"wp-block-columns is-layout-flex wp-container-core-columns-is-layout-9d6595d7 wp-block-columns-is-layout-flex\">\n<div class=\"wp-block-column is-layout-flow wp-block-column-is-layout-flow\"><div class=\"wp-block-image\">\n<figure class=\"aligncenter size-full\"><img loading=\"lazy\" decoding=\"async\" width=\"305\" height=\"311\" src=\"https:\/\/monnaiesaude.fr\/wp-content\/uploads\/2025\/10\/image-1245.png\" alt=\"\" class=\"wp-image-3150\" srcset=\"https:\/\/monnaiesaude.fr\/wp-content\/uploads\/2025\/10\/image-1245.png 305w, https:\/\/monnaiesaude.fr\/wp-content\/uploads\/2025\/10\/image-1245-294x300.png 294w, https:\/\/monnaiesaude.fr\/wp-content\/uploads\/2025\/10\/image-1245-157x160.png 157w\" sizes=\"auto, (max-width: 305px) 100vw, 305px\" \/><\/figure>\n<\/div><\/div>\n<\/div>\n","protected":false},"excerpt":{"rendered":"<p>M\u00e9daille en bronze &#8211; grav\u00e9e par Ren\u00e9 Ich\u00e9 Federico Garc\u00eda Lorca\u00a0est un po\u00e8te et dramaturge espagnol, \u00e9galement prosateur, pianiste, peintre et compositeur, n\u00e9 le\u00a05 juin 1898\u00a0\u00e0 Fuente vaqueros pr\u00e8s de grenade, et mort le 19 ao\u00fbt 1936. Membre du courant &hellip; <a href=\"https:\/\/monnaiesaude.fr\/index.php\/produits\/medaille-federico-garcia-lorca\/\">Continue reading <span class=\"meta-nav\">&rarr;<\/span><\/a><\/p>\n","protected":false},"featured_media":3149,"template":"","meta":[],"al_product-cat":[172],"class_list":["post-3148","al_product","type-al_product","status-publish","has-post-thumbnail","hentry","al_product-cat-medaille-gravee-par-rene-iche"],"_links":{"self":[{"href":"https:\/\/monnaiesaude.fr\/index.php\/wp-json\/wp\/v2\/al_product\/3148","targetHints":{"allow":["GET"]}}],"collection":[{"href":"https:\/\/monnaiesaude.fr\/index.php\/wp-json\/wp\/v2\/al_product"}],"about":[{"href":"https:\/\/monnaiesaude.fr\/index.php\/wp-json\/wp\/v2\/types\/al_product"}],"wp:featuredmedia":[{"embeddable":true,"href":"https:\/\/monnaiesaude.fr\/index.php\/wp-json\/wp\/v2\/media\/3149"}],"wp:attachment":[{"href":"https:\/\/monnaiesaude.fr\/index.php\/wp-json\/wp\/v2\/media?parent=3148"}],"wp:term":[{"taxonomy":"al_product-cat","embeddable":true,"href":"https:\/\/monnaiesaude.fr\/index.php\/wp-json\/wp\/v2\/al_product-cat?post=3148"}],"curies":[{"name":"wp","href":"https:\/\/api.w.org\/{rel}","templated":true}]}}

Médaille  Fédérico Garcia Lorca

<h2 class="wp-block-heading">Médaille en bronze &#8211;  gravée par René Iché</h2>



<p><strong>Federico García Lorca</strong> est un poète et dramaturge espagnol, également prosateur, pianiste, peintre et compositeur, né le 5 juin 1898 à Fuente vaqueros près de grenade, et mort le 19 août 1936.</p>



<p>Membre du courant littéraire de la Génération de 27, il est assassiné le 19 août 1936 par les nationalistes , membres de la Phalange , pendant la guerre d&#8217;Espagne, victime de ce conflit annonçant historiquement la Seconde guerre mondiale . Sa sépulture n&#8217;a pas encore été retrouvée malgré des recherches scientifiques de grande ampleur.</p>



<p>Federico García Lorca demeure l&#8217;un des poètes et dramaturges européens les plus importants du&nbsp;XX<sup>e</sup>&nbsp;siècle.</p>



<div class="wp-block-columns is-layout-flex wp-container-core-columns-is-layout-9d6595d7 wp-block-columns-is-layout-flex">
<div class="wp-block-column is-layout-flow wp-block-column-is-layout-flow"></div>



<div class="wp-block-column is-layout-flow wp-block-column-is-layout-flow"></div>
</div>



<div class="wp-block-columns is-layout-flex wp-container-core-columns-is-layout-9d6595d7 wp-block-columns-is-layout-flex">
<div class="wp-block-column is-layout-flow wp-block-column-is-layout-flow"><div class="wp-block-image">
<figure class="aligncenter size-full"><img loading="lazy" decoding="async" width="305" height="311" src="https://monnaiesaude.fr/wp-content/uploads/2025/10/image-1245.png" alt="" class="wp-image-3150" srcset="https://monnaiesaude.fr/wp-content/uploads/2025/10/image-1245.png 305w, https://monnaiesaude.fr/wp-content/uploads/2025/10/image-1245-294x300.png 294w, https://monnaiesaude.fr/wp-content/uploads/2025/10/image-1245-157x160.png 157w" sizes="auto, (max-width: 305px) 100vw, 305px" /></figure>
</div></div>
</div>

<p>Médaille en bronze &#8211; gravée par René Iché Federico García Lorca est un poète et dramaturge espagnol, également prosateur, pianiste, peintre et compositeur, né le 5 juin 1898 à Fuente vaqueros près de grenade, et mort le 19 août 1936. Membre du courant &hellip; <a href="https://monnaiesaude.fr/index.php/produits/medaille-federico-garcia-lorca/">Continue reading <span class="meta-nav">&rarr;</span></a></p>
