{"id":3142,"date":"2025-10-06T07:50:59","date_gmt":"2025-10-06T05:50:59","guid":{"rendered":"https:\/\/monnaiesaude.fr\/?post_type=al_product&#038;p=3142"},"modified":"2025-11-01T08:18:44","modified_gmt":"2025-11-01T07:18:44","slug":"medaille-paul-boncourt","status":"publish","type":"al_product","link":"https:\/\/monnaiesaude.fr\/index.php\/produits\/medaille-paul-boncourt\/","title":{"rendered":"M\u00e9daille  Joseph Paul Boncourt"},"content":{"rendered":"\n<h2 class=\"wp-block-heading\">M\u00e9daille en bronze &#8211; grav\u00e9e par Ren\u00e9 Ich\u00e9<\/h2>\n\n\n\n<p><\/p>\n\n\n\n<div class=\"wp-block-columns is-layout-flex wp-container-core-columns-is-layout-9d6595d7 wp-block-columns-is-layout-flex\">\n<div class=\"wp-block-column is-layout-flow wp-block-column-is-layout-flow\">\n<p><\/p>\n\n\n\n<p><strong>Joseph Paul-Boncour<\/strong>, n\u00e9 le\u00a04 ao\u00fbt 1873\u00a0\u00e0 Saint Aignan et mort le\u00a028 mars 1972\u00a0\u00e0 paris, est un avocat et\u00a0homme politique fran\u00e7ais consid\u00e9r\u00e9 comme l&#8217;un des plus grands orateurs de son temps.<\/p>\n<\/div>\n\n\n\n<div class=\"wp-block-column is-layout-flow wp-block-column-is-layout-flow\">\n<figure class=\"wp-block-image size-full\"><img loading=\"lazy\" decoding=\"async\" width=\"250\" height=\"318\" src=\"https:\/\/monnaiesaude.fr\/wp-content\/uploads\/2025\/10\/250px-Joseph_Paul-Boncour_1923.jpg\" alt=\"\" class=\"wp-image-5342\" srcset=\"https:\/\/monnaiesaude.fr\/wp-content\/uploads\/2025\/10\/250px-Joseph_Paul-Boncour_1923.jpg 250w, https:\/\/monnaiesaude.fr\/wp-content\/uploads\/2025\/10\/250px-Joseph_Paul-Boncour_1923-236x300.jpg 236w, https:\/\/monnaiesaude.fr\/wp-content\/uploads\/2025\/10\/250px-Joseph_Paul-Boncour_1923-126x160.jpg 126w\" sizes=\"auto, (max-width: 250px) 100vw, 250px\" \/><\/figure>\n<\/div>\n<\/div>\n\n\n\n<div class=\"wp-block-columns is-layout-flex wp-container-core-columns-is-layout-9d6595d7 wp-block-columns-is-layout-flex\">\n<div class=\"wp-block-column is-layout-flow wp-block-column-is-layout-flow\"><div class=\"wp-block-image\">\n<figure class=\"aligncenter size-full\"><img loading=\"lazy\" decoding=\"async\" width=\"305\" height=\"303\" src=\"https:\/\/monnaiesaude.fr\/wp-content\/uploads\/2025\/10\/image-1241.png\" alt=\"\" class=\"wp-image-3144\" srcset=\"https:\/\/monnaiesaude.fr\/wp-content\/uploads\/2025\/10\/image-1241.png 305w, https:\/\/monnaiesaude.fr\/wp-content\/uploads\/2025\/10\/image-1241-300x298.png 300w, https:\/\/monnaiesaude.fr\/wp-content\/uploads\/2025\/10\/image-1241-150x150.png 150w, https:\/\/monnaiesaude.fr\/wp-content\/uploads\/2025\/10\/image-1241-161x160.png 161w\" sizes=\"auto, (max-width: 305px) 100vw, 305px\" \/><\/figure>\n<\/div><\/div>\n<\/div>\n","protected":false},"excerpt":{"rendered":"<p>M\u00e9daille en bronze &#8211; grav\u00e9e par Ren\u00e9 Ich\u00e9 Joseph Paul-Boncour, n\u00e9 le\u00a04 ao\u00fbt 1873\u00a0\u00e0 Saint Aignan et mort le\u00a028 mars 1972\u00a0\u00e0 paris, est un avocat et\u00a0homme politique fran\u00e7ais consid\u00e9r\u00e9 comme l&#8217;un des plus grands orateurs de son temps.<\/p>\n","protected":false},"featured_media":3143,"template":"","meta":[],"al_product-cat":[172],"class_list":["post-3142","al_product","type-al_product","status-publish","has-post-thumbnail","hentry","al_product-cat-medaille-gravee-par-rene-iche"],"_links":{"self":[{"href":"https:\/\/monnaiesaude.fr\/index.php\/wp-json\/wp\/v2\/al_product\/3142","targetHints":{"allow":["GET"]}}],"collection":[{"href":"https:\/\/monnaiesaude.fr\/index.php\/wp-json\/wp\/v2\/al_product"}],"about":[{"href":"https:\/\/monnaiesaude.fr\/index.php\/wp-json\/wp\/v2\/types\/al_product"}],"wp:featuredmedia":[{"embeddable":true,"href":"https:\/\/monnaiesaude.fr\/index.php\/wp-json\/wp\/v2\/media\/3143"}],"wp:attachment":[{"href":"https:\/\/monnaiesaude.fr\/index.php\/wp-json\/wp\/v2\/media?parent=3142"}],"wp:term":[{"taxonomy":"al_product-cat","embeddable":true,"href":"https:\/\/monnaiesaude.fr\/index.php\/wp-json\/wp\/v2\/al_product-cat?post=3142"}],"curies":[{"name":"wp","href":"https:\/\/api.w.org\/{rel}","templated":true}]}}

Médaille  Joseph Paul Boncourt

<h2 class="wp-block-heading">Médaille en bronze &#8211; gravée par René Iché</h2>



<p></p>



<div class="wp-block-columns is-layout-flex wp-container-core-columns-is-layout-9d6595d7 wp-block-columns-is-layout-flex">
<div class="wp-block-column is-layout-flow wp-block-column-is-layout-flow">
<p></p>



<p><strong>Joseph Paul-Boncour</strong>, né le 4 août 1873 à Saint Aignan et mort le 28 mars 1972 à paris, est un avocat et homme politique français considéré comme l&#8217;un des plus grands orateurs de son temps.</p>
</div>



<div class="wp-block-column is-layout-flow wp-block-column-is-layout-flow">
<figure class="wp-block-image size-full"><img loading="lazy" decoding="async" width="250" height="318" src="https://monnaiesaude.fr/wp-content/uploads/2025/10/250px-Joseph_Paul-Boncour_1923.jpg" alt="" class="wp-image-5342" srcset="https://monnaiesaude.fr/wp-content/uploads/2025/10/250px-Joseph_Paul-Boncour_1923.jpg 250w, https://monnaiesaude.fr/wp-content/uploads/2025/10/250px-Joseph_Paul-Boncour_1923-236x300.jpg 236w, https://monnaiesaude.fr/wp-content/uploads/2025/10/250px-Joseph_Paul-Boncour_1923-126x160.jpg 126w" sizes="auto, (max-width: 250px) 100vw, 250px" /></figure>
</div>
</div>



<div class="wp-block-columns is-layout-flex wp-container-core-columns-is-layout-9d6595d7 wp-block-columns-is-layout-flex">
<div class="wp-block-column is-layout-flow wp-block-column-is-layout-flow"><div class="wp-block-image">
<figure class="aligncenter size-full"><img loading="lazy" decoding="async" width="305" height="303" src="https://monnaiesaude.fr/wp-content/uploads/2025/10/image-1241.png" alt="" class="wp-image-3144" srcset="https://monnaiesaude.fr/wp-content/uploads/2025/10/image-1241.png 305w, https://monnaiesaude.fr/wp-content/uploads/2025/10/image-1241-300x298.png 300w, https://monnaiesaude.fr/wp-content/uploads/2025/10/image-1241-150x150.png 150w, https://monnaiesaude.fr/wp-content/uploads/2025/10/image-1241-161x160.png 161w" sizes="auto, (max-width: 305px) 100vw, 305px" /></figure>
</div></div>
</div>

<p>Médaille en bronze &#8211; gravée par René Iché Joseph Paul-Boncour, né le 4 août 1873 à Saint Aignan et mort le 28 mars 1972 à paris, est un avocat et homme politique français considéré comme l&#8217;un des plus grands orateurs de son temps.</p>
